Is 141730789 a composite number?
True
Is 30329297 a composite number?
False
Is 10817477 a prime number?
False
Is 3916721 a prime number?
True
Is 10783307 a prime number?
True
Is 6410851 a prime number?
True
Is 768166439 composite?
False
Is 95763469 a composite number?
False
Is 46228757 prime?
True
Is 5917847 composite?
True
Is 51315841 prime?
True
Is 12369439 prime?
False
Is 1463029 a composite number?
True
Is 1049809 a prime number?
True
Is 3385793 a prime number?
True
Is 386789 prime?
False
Is 86939 prime?
True
Is 17229167 composite?
False
Is 310969 prime?
True
Is 2968447 a prime number?
True
Is 190471 prime?
True
Is 273107 prime?
True
Is 6789319 prime?
True
Is 13066401 prime?
False
Is 627541 a prime number?
True
Is 31465391 a prime number?
True
Is 109252211 prime?
False
Is 1480153 prime?
True
Is 7777841 a prime number?
False
Is 3227338 a prime number?
False
Is 546781 prime?
True
Is 87156079 composite?
True
Is 1324361 a composite number?
False
Is 8236259 a composite number?
False
Is 10575563 prime?
True
Is 3670231 composite?
False
Is 51110459 a composite number?
False
Is 260147669 a composite number?
False
Is 1592611 composite?
True
Is 639329 composite?
False
Is 1413857 a composite number?
True
Is 152927111 a prime number?
True
Is 11531587 prime?
False
Is 26089493 prime?
True
Is 29738663 a prime number?
True
Is 270742501 composite?
False
Is 476579 composite?
False
Is 3970619 composite?
True
Is 1925171 a prime number?
True
Is 2243963 prime?
False
Is 3532471 prime?
False
Is 18300941 prime?
False
Is 14335289 prime?
False
Is 3142939 composite?
False
Is 1896091 a composite number?
False
Is 3603043 composite?
True
Is 46389541 prime?
False
Is 14095303 composite?
True
Is 119353781 composite?
False
Is 2199989 a prime number?
False
Is 29157677 prime?
True
Is 4511141 a prime number?
True
Is 9611807 composite?
False
Is 21640273 a composite number?
False
Is 152942551 composite?
False
Is 130807109 composite?
True
Is 3646795 a prime number?
False
Is 113264773 a composite number?
True
Is 134984101 prime?
False
Is 8944853 a prime number?
True
Is 3853705 prime?
False
Is 1862699 prime?
False
Is 7081841 prime?
False
Is 2277307 a prime number?
True
Is 11869463 a composite number?
False
Is 142970981 a composite number?
False
Is 244994201 a composite number?
False
Is 924941 a composite number?
True
Is 525269 a composite number?
True
Is 3363167 a prime number?
True
Is 3529129 prime?
True
Is 2004227 a composite number?
False
Is 11311499 composite?
True
Is 3427631 a prime number?
False
Is 321143 composite?
False
Is 3876839 a prime number?
False
Is 117367 a prime number?
False
Is 4435237 composite?
False
Is 1036961 composite?
True
Is 9808961 a prime number?
True
Is 567426193 prime?
True
Is 69975599 composite?
False
Is 227454379 composite?
False
Is 2213605 composite?
True
Is 239188627 a prime number?
True
Is 227367407 prime?
True
Is 18747173 composite?
False
Is 5546399 composite?
False
Is 1227614 a prime number?
False
Is 575473 prime?
True
Is 63731561 a composite number?
False
Is 93421429 prime?
True
Is 12593671 prime?
False
Is 2290259 prime?
True
Is 239199557 composite?
False
Is 9206963 prime?
False
Is 12973889 a prime number?
False
Is 14089247 prime?
True
Is 4293617 a composite number?
True
Is 2589047 a prime number?
True
Is 98484187 composite?
True
Is 9214501 composite?
False
Is 66007043 a prime number?
True
Is 2360653 a composite number?
False
Is 12215607 a prime number?
False
Is 926582 prime?
False
Is 3137 composite?
False
Is 26783369 composite?
True
Is 2173079 a composite number?
False
Is 153466 a prime number?
False
Is 398498777 composite?
False
Is 16733597 a prime number?
True
Is 1643429 a composite number?
True
Is 40763993 a prime number?
False
Is 75003527 prime?
False
Is 941813 a composite number?
False
Is 2510819 composite?
True
Is 31894509 composite?
True
Is 1247579 composite?
True
Is 7378421 prime?
True
Is 2858819 prime?
True
Is 9191351 composite?
True
Is 106437959 composite?
False
Is 526118347 composite?
False
Is 1911193 composite?
True
Is 23435177 prime?
True
Is 23445959 a composite number?
True
Is 225349961 a prime number?
True
Is 118356515 a composite number?
True
Is 2203223 composite?
True
Is 24563213 a prime number?
False
Is 388023 a composite number?
True
Is 51600929 prime?
False
Is 80787401 composite?
False
Is 10910687 a composite number?
True
Is 1415377 a prime number?
True
Is 15976085 composite?
True
Is 15141943 prime?
False
Is 27301873 a composite number?
True
Is 19428091 composite?
False
Is 216829 a composite number?
False
Is 44704181 a prime number?
False
Is 748159 composite?
True
Is 4210687 composite?
True
Is 221532461 a prime number?
True
Is 267158743 a prime number?
False
Is 115628519 prime?
False
Is 31859051 prime?
False
Is 20600933 a composite number?
True
Is 1620569 a prime number?
True
Is 2685367 prime?
False
Is 1011173 prime?
False
Is 34344677 composite?
False
Is 13545853 a prime number?
False
Is 581166295 a composite number?
True
Is 46721 a prime number?
False
Is 19139551 a composite number?
True
Is 264028631 prime?
True
Is 317123 composite?
False
Is 184318499 a prime number?
True
Is 2604661 composite?
False
Is 11024339 composite?
False
Is 40743233 a prime number?
True
Is 37398847 a composite number?
True
Is 39878609 a composite number?
True
Is 8352133 composite?
False
Is 31692697 a prime number?
True
Is 5965637 a prime number?
False
Is 658943323 composite?
True
Is 978997 prime?
True
Is 23094601 prime?
False
Is 2231279005 prime?
False
Is 28227161 a composite number?
True
Is 11436443 prime?
True
Is 613043 prime?
False
Is 509471 a composite number?
True
Is 5059399 a composite number?
True
Is 54488689 a prime number?
False
Is 331087579 composite?
False
Is 326272645 composite?
True
Is 45876021 composite?
True
Is 21644089 prime?
True
Is 374486933 a composite number?
False
Is 1827227 composite?
False
Is 8153029 composite?
True
Is 3000739 a composite number?
True
Is 6458981 a prime number?
True
Is 93271289 prime?
True
Is 10857631 a prime number?
True
Is 151614217 a composite number?
False
Is 80330699 a composite number?
False
Is 2693417 a prime number?
False
Is 176977 a composite number?
False
Is 132825269 a composite number?
False
Is 473102647 a composite number?
False
Is 1025201 a prime number?
False
Is 41922467 composite?
False
Is 9979979 prime?
False
Is 1891193 prime?
False
Is 80534039 a composite number?
False
Is 9804809 a composite number?
True
Is 376446479 prime?
True
Is 40327631 a composite number?
True
Is 1308310207 a prime number?
True
Is 6180349 a composite number?
True
Is 24452161 a prime number?
True
Is 3926327 prime?
False
Is 2196847 composite?
True
Is 54284969 composite?
False
Is 987411611 a composite number?
False
Is 81410533 a composite number?
True
Is 796063 prime?
True
Is 29924789 composite?
False
Is 730450403 prime?
True
Is 346235 a composite number?
True
Is 1145741 composite?
False
Is 30903617 a composite number?
False
Is 96520517 a composite number?
True
Is 271524703 a composite number?
False
Is 509468801 prime?
False
Is 75843541 a prime number?
True
Is 6748751 a prime number?
False
Is 25807949 a composite number?
False
Is 3798829 composite?
False
Is 49865227 a composite number?
False
Is 198621173 a prime number?
True
Is 228239278 a prime number?
False
Is 1571903 a prime number?
False
Is 3374311 a prime number?
True
Is 20321349 composite?
True
Is 1107517 prime?
False
Is 440876081 a prime number?
True
Is 1523491 prime?
True
Is 1071121 a composite number?
False
Is 250147 prime?
True
Is 1099997 prime?
True
Is 5365747 a composite number?
True
Is 26037397 composite?
False
Is 38005687 prime?
True
Is 1989331 prime?
False
Is 81530143 a prime number?
True
Is 994747 prime?
False
Is 11737799 prime?
False
Is 180709283 prime?
True
Is 66128837 prime?
True
Is 1747273 composite?
True
Is 16528261 a prime number?
False
Is 1766969 composite?
True
Is 167723 composite?
True
Is 53694983 composite?
False
Is 275411249 prime?
True
Is 141209 prime?
True
Is 1015847 a prime number?
False
Is 9580583 prime?
False
Is 7775059 composite?
True
Is 8096459 a composite number?
True
Is 399035887 a prime number?
False
Is 30587119 prime?
False
Is 193432319 prime?
True
Is 6706562 a prime number?
False
Is 6438479 a prime number?
False
Is 2741117 prime?
Fal